{"id":20490,"date":"2014-12-22T00:57:10","date_gmt":"2014-12-22T00:57:10","guid":{"rendered":"http:\/\/pneusbazar.com\/?post_type=product&#038;p=20490"},"modified":"2020-11-14T22:07:30","modified_gmt":"2020-11-15T03:07:30","slug":"kumho-road-venture-kl78","status":"publish","type":"product","link":"http:\/\/pneusbazar.com\/?product=kumho-road-venture-kl78","title":{"rendered":"Kumho ROAD VENTURE A\/T KL78"},"content":{"rendered":"<table width=\"295\">\n<tbody>\n<tr>\n<td colspan=\"3\">Grandeurs disponibles<\/td>\n<\/tr>\n<tr>\n<td width=\"99\">P215\/75R14<\/td>\n<td>P275\/60R20<\/td>\n<td>LT265\/75R16<\/td>\n<\/tr>\n<tr>\n<td>205\/75R15<\/td>\n<td>275\/55R20 XL<\/td>\n<td>LT265\/75R16<\/td>\n<\/tr>\n<tr>\n<td width=\"99\">P215\/75R15<\/td>\n<td>P305\/50R20 XL<\/td>\n<td>LT265\/75R16<\/td>\n<\/tr>\n<tr>\n<td width=\"99\">P225\/75R15<\/td>\n<td>P265\/70R18<\/td>\n<td>LT285\/75R16<\/td>\n<\/tr>\n<tr>\n<td>P235\/75R15<\/td>\n<td>P275\/6518<\/td>\n<td>LT315\/75R16<\/td>\n<\/tr>\n<tr>\n<td>P235\/75R15 XL<\/td>\n<td>P275\/6020<\/td>\n<td>LT305\/70R16<\/td>\n<\/tr>\n<tr>\n<td>255\/75R15<\/td>\n<td>275\/5520XL<\/td>\n<td>LT235\/80R17<\/td>\n<\/tr>\n<tr>\n<td width=\"99\">P225\/75R16<\/td>\n<td>Camionnette<\/td>\n<td>LT245\/75R17<\/td>\n<\/tr>\n<tr>\n<td>P245\/75R16<\/td>\n<td width=\"99\">27X8.50R14<\/td>\n<td>LT265\/70R17<\/td>\n<\/tr>\n<tr>\n<td>P265\/75R16<\/td>\n<td>LT215\/75R15<\/td>\n<td>LT265\/70R17<\/td>\n<\/tr>\n<tr>\n<td>P235\/70R16<\/td>\n<td>LT235\/75R15<\/td>\n<td>LT285\/70R17<\/td>\n<\/tr>\n<tr>\n<td>P245\/70R16<\/td>\n<td>LT325\/60R15<\/td>\n<td>LT315\/70R17<\/td>\n<\/tr>\n<tr>\n<td>P255\/70R16<\/td>\n<td>30X9.5R15<\/td>\n<td>35X12.5R17<\/td>\n<\/tr>\n<tr>\n<td>P265\/70R16<\/td>\n<td>31X10.5R15<\/td>\n<td>LT275\/7018<\/td>\n<\/tr>\n<tr>\n<td width=\"99\">P245\/70R17<\/td>\n<td>32X11.5R15<\/td>\n<td>LT275\/6518<\/td>\n<\/tr>\n<tr>\n<td>P265\/70R17<\/td>\n<td>33X12.5R15<\/td>\n<td>LT285\/6518<\/td>\n<\/tr>\n<tr>\n<td>P285\/70R17<\/td>\n<td>LT215\/85R16<\/td>\n<td>LT325\/6518<\/td>\n<\/tr>\n<tr>\n<td width=\"99\">P235\/65R17<\/td>\n<td>LT215\/85R16<\/td>\n<td>LT355\/65R18<\/td>\n<\/tr>\n<tr>\n<td width=\"99\">235\/65R17<\/td>\n<td>LT215\/85R16<\/td>\n<td>LT325\/6018<\/td>\n<\/tr>\n<tr>\n<td width=\"99\">P245\/65R17<\/td>\n<td>LT235\/85R16<\/td>\n<td>P305\/50R20 XL<\/td>\n<\/tr>\n<tr>\n<td>P255\/65R17<\/td>\n<td>LT225\/75R16<\/td>\n<td>LT325\/60R20<\/td>\n<\/tr>\n<tr>\n<td width=\"99\">265\/65R17<\/td>\n<td>LT225\/75R16<\/td>\n<td>LT355\/60R20<\/td>\n<\/tr>\n<tr>\n<td>P265\/70R18<\/td>\n<td>LT245\/75R16<\/td>\n<td>LT305\/55R20<\/td>\n<\/tr>\n<tr>\n<td>P275\/65R18<\/td>\n<td>LT245\/75R16<\/td>\n<td><\/td>\n<\/tr>\n<\/tbody>\n<\/table>\n","protected":false},"excerpt":{"rendered":"<ul>\n<li>Bon freinage et bonne direction sur tout type de terrain<\/li>\n<li>Semelle \u00e0 large surface plane procurant une bonne adh\u00e9rence sur le sable, la boue et la neige<\/li>\n<li>Pneu tout terrain, durable et remarquable, gr\u00e2ce \u00e0 la technologie ESCOT<\/li>\n<li>Nouvelle conception am\u00e9lior\u00e9e de la bande de roulement optimise la r\u00e9sistance aux coupures et \u00e9gratignures<\/li>\n<li>Pneu toutes positions con\u00e7u pour les roulottes, VR, camionnettes, fourgonnettes et autres camion l\u00e9gers<\/li>\n<\/ul>\n","protected":false},"featured_media":20491,"comment_status":"closed","ping_status":"closed","template":"","meta":[],"product_cat":[],"product_tag":[],"class_list":{"0":"post-20490","1":"product","2":"type-product","3":"status-publish","4":"has-post-thumbnail","6":"pa_experience-de-conduite-tourisme","7":"pa_gamme-bad","8":"pa_marque-kumho","9":"pa_saison-de-pneus-4-saisons","10":"pa_type-de-pneu-pneus-de-camionnette","12":"first","13":"instock","14":"shipping-taxable","15":"product-type-simple"},"yoast_head":"<!-- This site is optimized with the Yoast SEO plugin v23.2 - https:\/\/yoast.com\/wordpress\/plugins\/seo\/ -->\n<title>Kumho ROAD VENTURE A\/T KL78 - Pneus Bazar<\/title>\n<meta name=\"robots\" content=\"index, follow, max-snippet:-1, max-image-preview:large, max-video-preview:-1\" \/>\n<link rel=\"canonical\" href=\"http:\/\/pneusbazar.com\/?product=kumho-road-venture-kl78\" \/>\n<meta name=\"twitter:label1\" content=\"Dur\u00e9e de lecture estim\u00e9e\" \/>\n\t<meta name=\"twitter:data1\" content=\"1 minute\" \/>\n<script type=\"application\/ld+json\" class=\"yoast-schema-graph\">{\"@context\":\"https:\/\/schema.org\",\"@graph\":[{\"@type\":\"WebPage\",\"@id\":\"http:\/\/pneusbazar.com\/?product=kumho-road-venture-kl78\",\"url\":\"http:\/\/pneusbazar.com\/?product=kumho-road-venture-kl78\",\"name\":\"Kumho ROAD VENTURE A\/T KL78 - Pneus Bazar\",\"isPartOf\":{\"@id\":\"https:\/\/pneusbazar.com\/#website\"},\"primaryImageOfPage\":{\"@id\":\"http:\/\/pneusbazar.com\/?product=kumho-road-venture-kl78#primaryimage\"},\"image\":{\"@id\":\"http:\/\/pneusbazar.com\/?product=kumho-road-venture-kl78#primaryimage\"},\"thumbnailUrl\":\"http:\/\/pneusbazar.com\/wp-content\/uploads\/2014\/12\/Kumho-ROADVENTURE-AT-KL78_lg.jpg\",\"datePublished\":\"2014-12-22T00:57:10+00:00\",\"dateModified\":\"2020-11-15T03:07:30+00:00\",\"breadcrumb\":{\"@id\":\"http:\/\/pneusbazar.com\/?product=kumho-road-venture-kl78#breadcrumb\"},\"inLanguage\":\"fr-FR\",\"potentialAction\":[{\"@type\":\"ReadAction\",\"target\":[\"http:\/\/pneusbazar.com\/?product=kumho-road-venture-kl78\"]}]},{\"@type\":\"ImageObject\",\"inLanguage\":\"fr-FR\",\"@id\":\"http:\/\/pneusbazar.com\/?product=kumho-road-venture-kl78#primaryimage\",\"url\":\"http:\/\/pneusbazar.com\/wp-content\/uploads\/2014\/12\/Kumho-ROADVENTURE-AT-KL78_lg.jpg\",\"contentUrl\":\"http:\/\/pneusbazar.com\/wp-content\/uploads\/2014\/12\/Kumho-ROADVENTURE-AT-KL78_lg.jpg\",\"width\":400,\"height\":400},{\"@type\":\"BreadcrumbList\",\"@id\":\"http:\/\/pneusbazar.com\/?product=kumho-road-venture-kl78#breadcrumb\",\"itemListElement\":[{\"@type\":\"ListItem\",\"position\":1,\"name\":\"Accueil\",\"item\":\"https:\/\/pneusbazar.com\/\"},{\"@type\":\"ListItem\",\"position\":2,\"name\":\"Catalogue de pneus\",\"item\":\"https:\/\/pneusbazar.com\/?page_id=20284\"},{\"@type\":\"ListItem\",\"position\":3,\"name\":\"Kumho ROAD VENTURE A\/T KL78\"}]},{\"@type\":\"WebSite\",\"@id\":\"https:\/\/pneusbazar.com\/#website\",\"url\":\"https:\/\/pneusbazar.com\/\",\"name\":\"Pneus Bazar\",\"description\":\"On prend soin de vous\",\"potentialAction\":[{\"@type\":\"SearchAction\",\"target\":{\"@type\":\"EntryPoint\",\"urlTemplate\":\"https:\/\/pneusbazar.com\/?s={search_term_string}\"},\"query-input\":\"required name=search_term_string\"}],\"inLanguage\":\"fr-FR\"}]}<\/script>\n<!-- \/ Yoast SEO plugin. -->","yoast_head_json":{"title":"Kumho ROAD VENTURE A\/T KL78 - Pneus Bazar","robots":{"index":"index","follow":"follow","max-snippet":"max-snippet:-1","max-image-preview":"max-image-preview:large","max-video-preview":"max-video-preview:-1"},"canonical":"http:\/\/pneusbazar.com\/?product=kumho-road-venture-kl78","twitter_misc":{"Dur\u00e9e de lecture estim\u00e9e":"1 minute"},"schema":{"@context":"https:\/\/schema.org","@graph":[{"@type":"WebPage","@id":"http:\/\/pneusbazar.com\/?product=kumho-road-venture-kl78","url":"http:\/\/pneusbazar.com\/?product=kumho-road-venture-kl78","name":"Kumho ROAD VENTURE A\/T KL78 - Pneus Bazar","isPartOf":{"@id":"https:\/\/pneusbazar.com\/#website"},"primaryImageOfPage":{"@id":"http:\/\/pneusbazar.com\/?product=kumho-road-venture-kl78#primaryimage"},"image":{"@id":"http:\/\/pneusbazar.com\/?product=kumho-road-venture-kl78#primaryimage"},"thumbnailUrl":"http:\/\/pneusbazar.com\/wp-content\/uploads\/2014\/12\/Kumho-ROADVENTURE-AT-KL78_lg.jpg","datePublished":"2014-12-22T00:57:10+00:00","dateModified":"2020-11-15T03:07:30+00:00","breadcrumb":{"@id":"http:\/\/pneusbazar.com\/?product=kumho-road-venture-kl78#breadcrumb"},"inLanguage":"fr-FR","potentialAction":[{"@type":"ReadAction","target":["http:\/\/pneusbazar.com\/?product=kumho-road-venture-kl78"]}]},{"@type":"ImageObject","inLanguage":"fr-FR","@id":"http:\/\/pneusbazar.com\/?product=kumho-road-venture-kl78#primaryimage","url":"http:\/\/pneusbazar.com\/wp-content\/uploads\/2014\/12\/Kumho-ROADVENTURE-AT-KL78_lg.jpg","contentUrl":"http:\/\/pneusbazar.com\/wp-content\/uploads\/2014\/12\/Kumho-ROADVENTURE-AT-KL78_lg.jpg","width":400,"height":400},{"@type":"BreadcrumbList","@id":"http:\/\/pneusbazar.com\/?product=kumho-road-venture-kl78#breadcrumb","itemListElement":[{"@type":"ListItem","position":1,"name":"Accueil","item":"https:\/\/pneusbazar.com\/"},{"@type":"ListItem","position":2,"name":"Catalogue de pneus","item":"https:\/\/pneusbazar.com\/?page_id=20284"},{"@type":"ListItem","position":3,"name":"Kumho ROAD VENTURE A\/T KL78"}]},{"@type":"WebSite","@id":"https:\/\/pneusbazar.com\/#website","url":"https:\/\/pneusbazar.com\/","name":"Pneus Bazar","description":"On prend soin de vous","potentialAction":[{"@type":"SearchAction","target":{"@type":"EntryPoint","urlTemplate":"https:\/\/pneusbazar.com\/?s={search_term_string}"},"query-input":"required name=search_term_string"}],"inLanguage":"fr-FR"}]}},"_links":{"self":[{"href":"http:\/\/pneusbazar.com\/index.php?rest_route=\/wp\/v2\/product\/20490"}],"collection":[{"href":"http:\/\/pneusbazar.com\/index.php?rest_route=\/wp\/v2\/product"}],"about":[{"href":"http:\/\/pneusbazar.com\/index.php?rest_route=\/wp\/v2\/types\/product"}],"replies":[{"embeddable":true,"href":"http:\/\/pneusbazar.com\/index.php?rest_route=%2Fwp%2Fv2%2Fcomments&post=20490"}],"wp:featuredmedia":[{"embeddable":true,"href":"http:\/\/pneusbazar.com\/index.php?rest_route=\/wp\/v2\/media\/20491"}],"wp:attachment":[{"href":"http:\/\/pneusbazar.com\/index.php?rest_route=%2Fwp%2Fv2%2Fmedia&parent=20490"}],"wp:term":[{"taxonomy":"product_cat","embeddable":true,"href":"http:\/\/pneusbazar.com\/index.php?rest_route=%2Fwp%2Fv2%2Fproduct_cat&post=20490"},{"taxonomy":"product_tag","embeddable":true,"href":"http:\/\/pneusbazar.com\/index.php?rest_route=%2Fwp%2Fv2%2Fproduct_tag&post=20490"}],"curies":[{"name":"wp","href":"https:\/\/api.w.org\/{rel}","templated":true}]}}