{"id":20325,"date":"2014-12-20T23:50:09","date_gmt":"2014-12-20T23:50:09","guid":{"rendered":"http:\/\/pneusbazar.com\/?post_type=product&#038;p=20325"},"modified":"2020-11-14T22:11:14","modified_gmt":"2020-11-15T03:11:14","slug":"bridgestone-dueler-hl-alenza","status":"publish","type":"product","link":"https:\/\/pneusbazar.com\/?product=bridgestone-dueler-hl-alenza","title":{"rendered":"Bridgestone DUELER H\/L ALENZA"},"content":{"rendered":"<table width=\"178\">\n<tbody>\n<tr>\n<td colspan=\"2\">Grandeurs disponibles<\/td>\n<\/tr>\n<tr>\n<td>P265\/70R15<\/td>\n<td>P275\/55R20<\/td>\n<\/tr>\n<tr>\n<td>P265\/75R16<\/td>\n<td>P275\/55R20<\/td>\n<\/tr>\n<tr>\n<td>235\/70R16<\/td>\n<td>275\/55R20<\/td>\n<\/tr>\n<tr>\n<td>P245\/70R16<\/td>\n<td>255\/50R20<\/td>\n<\/tr>\n<tr>\n<td>P275\/70R16<\/td>\n<td>P265\/50R20<\/td>\n<\/tr>\n<tr>\n<td>255\/65R16<\/td>\n<td>P275\/45R20<\/td>\n<\/tr>\n<tr>\n<td>P255\/75R17<\/td>\n<td>275\/40R20<\/td>\n<\/tr>\n<tr>\n<td>P265\/70R17<\/td>\n<td>275\/45R22<\/td>\n<\/tr>\n<tr>\n<td>225\/65R17<\/td>\n<td>P285\/45R22<\/td>\n<\/tr>\n<tr>\n<td>235\/65R17<\/td>\n<td>305\/40R22<\/td>\n<\/tr>\n<tr>\n<td>P245\/65R17<\/td>\n<td>P235\/75R15<\/td>\n<\/tr>\n<tr>\n<td>255\/60R17<\/td>\n<td>P225\/75R16<\/td>\n<\/tr>\n<tr>\n<td>P275\/60R17<\/td>\n<td>P235\/75R16<\/td>\n<\/tr>\n<tr>\n<td>275\/55R17<\/td>\n<td>P245\/75R16<\/td>\n<\/tr>\n<tr>\n<td>P275\/65R18<\/td>\n<td>P215\/70R16<\/td>\n<\/tr>\n<tr>\n<td>265\/60R18<\/td>\n<td>P225\/70R16<\/td>\n<\/tr>\n<tr>\n<td>275\/60R18<\/td>\n<td>P255\/70R16<\/td>\n<\/tr>\n<tr>\n<td>P285\/60R18<\/td>\n<td>265\/70R16<\/td>\n<\/tr>\n<tr>\n<td>235\/55R18<\/td>\n<td>P245\/70R17<\/td>\n<\/tr>\n<tr>\n<td>255\/55R18<\/td>\n<td>P265\/70R17<\/td>\n<\/tr>\n<tr>\n<td>P255\/60R19<\/td>\n<td>P245\/65R17<\/td>\n<\/tr>\n<tr>\n<td>255\/55R19<\/td>\n<td>P265\/65R17<\/td>\n<\/tr>\n<tr>\n<td>P235\/50R19<\/td>\n<td>P265\/70R18<\/td>\n<\/tr>\n<tr>\n<td>P275\/60R20<\/td>\n<td>P235\/65R18<\/td>\n<\/tr>\n<tr>\n<td>P255\/55R20<\/td>\n<td>P265\/65R18<\/td>\n<\/tr>\n<\/tbody>\n<\/table>\n","protected":false},"excerpt":{"rendered":"<ul>\n<li>Garantie de 30 jours \u00ab\u00a0Achetez et essayez\u00a0\u00bb<\/li>\n<li>Garantie limit\u00e9e de 105 000 km contre l\u2019usure de la bande de roulement<\/li>\n<li>Con\u00e7u pour les VUS de luxe haut de gamme<\/li>\n<li>Technologie Uni-T assure une excellente tenue de route sur chauss\u00e9es mouill\u00e9es<\/li>\n<li>Flancs noirs resteront noirs m\u00eame apr\u00e8s plusieurs ann\u00e9es d\u2019utilisation<\/li>\n<\/ul>\n","protected":false},"featured_media":20326,"comment_status":"closed","ping_status":"closed","template":"","meta":[],"product_cat":[],"product_tag":[],"class_list":{"0":"post-20325","1":"product","2":"type-product","3":"status-publish","4":"has-post-thumbnail","6":"pa_experience-de-conduite-tourisme","7":"pa_gamme-good","8":"pa_marque-bridgestone","9":"pa_saison-de-pneus-4-saisons","10":"pa_type-de-pneu-pneus-de-camionnette","12":"first","13":"instock","14":"shipping-taxable","15":"product-type-simple"},"yoast_head":"<!-- This site is optimized with the Yoast SEO plugin v23.2 - https:\/\/yoast.com\/wordpress\/plugins\/seo\/ -->\n<title>Bridgestone DUELER H\/L ALENZA - Pneus Bazar<\/title>\n<meta name=\"robots\" content=\"index, follow, max-snippet:-1, max-image-preview:large, max-video-preview:-1\" \/>\n<link rel=\"canonical\" href=\"https:\/\/pneusbazar.com\/?product=bridgestone-dueler-hl-alenza\" \/>\n<script type=\"application\/ld+json\" class=\"yoast-schema-graph\">{\"@context\":\"https:\/\/schema.org\",\"@graph\":[{\"@type\":\"WebPage\",\"@id\":\"https:\/\/pneusbazar.com\/?product=bridgestone-dueler-hl-alenza\",\"url\":\"https:\/\/pneusbazar.com\/?product=bridgestone-dueler-hl-alenza\",\"name\":\"Bridgestone DUELER H\/L ALENZA - Pneus Bazar\",\"isPartOf\":{\"@id\":\"https:\/\/pneusbazar.com\/#website\"},\"primaryImageOfPage\":{\"@id\":\"https:\/\/pneusbazar.com\/?product=bridgestone-dueler-hl-alenza#primaryimage\"},\"image\":{\"@id\":\"https:\/\/pneusbazar.com\/?product=bridgestone-dueler-hl-alenza#primaryimage\"},\"thumbnailUrl\":\"https:\/\/pneusbazar.com\/wp-content\/uploads\/2014\/12\/bridgestone_dueler_alenza_lg.jpg\",\"datePublished\":\"2014-12-20T23:50:09+00:00\",\"dateModified\":\"2020-11-15T03:11:14+00:00\",\"breadcrumb\":{\"@id\":\"https:\/\/pneusbazar.com\/?product=bridgestone-dueler-hl-alenza#breadcrumb\"},\"inLanguage\":\"fr-FR\",\"potentialAction\":[{\"@type\":\"ReadAction\",\"target\":[\"https:\/\/pneusbazar.com\/?product=bridgestone-dueler-hl-alenza\"]}]},{\"@type\":\"ImageObject\",\"inLanguage\":\"fr-FR\",\"@id\":\"https:\/\/pneusbazar.com\/?product=bridgestone-dueler-hl-alenza#primaryimage\",\"url\":\"https:\/\/pneusbazar.com\/wp-content\/uploads\/2014\/12\/bridgestone_dueler_alenza_lg.jpg\",\"contentUrl\":\"https:\/\/pneusbazar.com\/wp-content\/uploads\/2014\/12\/bridgestone_dueler_alenza_lg.jpg\",\"width\":400,\"height\":400},{\"@type\":\"BreadcrumbList\",\"@id\":\"https:\/\/pneusbazar.com\/?product=bridgestone-dueler-hl-alenza#breadcrumb\",\"itemListElement\":[{\"@type\":\"ListItem\",\"position\":1,\"name\":\"Accueil\",\"item\":\"https:\/\/pneusbazar.com\/\"},{\"@type\":\"ListItem\",\"position\":2,\"name\":\"Catalogue de pneus\",\"item\":\"https:\/\/pneusbazar.com\/?page_id=20284\"},{\"@type\":\"ListItem\",\"position\":3,\"name\":\"Bridgestone DUELER H\/L ALENZA\"}]},{\"@type\":\"WebSite\",\"@id\":\"https:\/\/pneusbazar.com\/#website\",\"url\":\"https:\/\/pneusbazar.com\/\",\"name\":\"Pneus Bazar\",\"description\":\"On prend soin de vous\",\"potentialAction\":[{\"@type\":\"SearchAction\",\"target\":{\"@type\":\"EntryPoint\",\"urlTemplate\":\"https:\/\/pneusbazar.com\/?s={search_term_string}\"},\"query-input\":\"required name=search_term_string\"}],\"inLanguage\":\"fr-FR\"}]}<\/script>\n<!-- \/ Yoast SEO plugin. -->","yoast_head_json":{"title":"Bridgestone DUELER H\/L ALENZA - Pneus Bazar","robots":{"index":"index","follow":"follow","max-snippet":"max-snippet:-1","max-image-preview":"max-image-preview:large","max-video-preview":"max-video-preview:-1"},"canonical":"https:\/\/pneusbazar.com\/?product=bridgestone-dueler-hl-alenza","schema":{"@context":"https:\/\/schema.org","@graph":[{"@type":"WebPage","@id":"https:\/\/pneusbazar.com\/?product=bridgestone-dueler-hl-alenza","url":"https:\/\/pneusbazar.com\/?product=bridgestone-dueler-hl-alenza","name":"Bridgestone DUELER H\/L ALENZA - Pneus Bazar","isPartOf":{"@id":"https:\/\/pneusbazar.com\/#website"},"primaryImageOfPage":{"@id":"https:\/\/pneusbazar.com\/?product=bridgestone-dueler-hl-alenza#primaryimage"},"image":{"@id":"https:\/\/pneusbazar.com\/?product=bridgestone-dueler-hl-alenza#primaryimage"},"thumbnailUrl":"https:\/\/pneusbazar.com\/wp-content\/uploads\/2014\/12\/bridgestone_dueler_alenza_lg.jpg","datePublished":"2014-12-20T23:50:09+00:00","dateModified":"2020-11-15T03:11:14+00:00","breadcrumb":{"@id":"https:\/\/pneusbazar.com\/?product=bridgestone-dueler-hl-alenza#breadcrumb"},"inLanguage":"fr-FR","potentialAction":[{"@type":"ReadAction","target":["https:\/\/pneusbazar.com\/?product=bridgestone-dueler-hl-alenza"]}]},{"@type":"ImageObject","inLanguage":"fr-FR","@id":"https:\/\/pneusbazar.com\/?product=bridgestone-dueler-hl-alenza#primaryimage","url":"https:\/\/pneusbazar.com\/wp-content\/uploads\/2014\/12\/bridgestone_dueler_alenza_lg.jpg","contentUrl":"https:\/\/pneusbazar.com\/wp-content\/uploads\/2014\/12\/bridgestone_dueler_alenza_lg.jpg","width":400,"height":400},{"@type":"BreadcrumbList","@id":"https:\/\/pneusbazar.com\/?product=bridgestone-dueler-hl-alenza#breadcrumb","itemListElement":[{"@type":"ListItem","position":1,"name":"Accueil","item":"https:\/\/pneusbazar.com\/"},{"@type":"ListItem","position":2,"name":"Catalogue de pneus","item":"https:\/\/pneusbazar.com\/?page_id=20284"},{"@type":"ListItem","position":3,"name":"Bridgestone DUELER H\/L ALENZA"}]},{"@type":"WebSite","@id":"https:\/\/pneusbazar.com\/#website","url":"https:\/\/pneusbazar.com\/","name":"Pneus Bazar","description":"On prend soin de vous","potentialAction":[{"@type":"SearchAction","target":{"@type":"EntryPoint","urlTemplate":"https:\/\/pneusbazar.com\/?s={search_term_string}"},"query-input":"required name=search_term_string"}],"inLanguage":"fr-FR"}]}},"_links":{"self":[{"href":"https:\/\/pneusbazar.com\/index.php?rest_route=\/wp\/v2\/product\/20325"}],"collection":[{"href":"https:\/\/pneusbazar.com\/index.php?rest_route=\/wp\/v2\/product"}],"about":[{"href":"https:\/\/pneusbazar.com\/index.php?rest_route=\/wp\/v2\/types\/product"}],"replies":[{"embeddable":true,"href":"https:\/\/pneusbazar.com\/index.php?rest_route=%2Fwp%2Fv2%2Fcomments&post=20325"}],"wp:featuredmedia":[{"embeddable":true,"href":"https:\/\/pneusbazar.com\/index.php?rest_route=\/wp\/v2\/media\/20326"}],"wp:attachment":[{"href":"https:\/\/pneusbazar.com\/index.php?rest_route=%2Fwp%2Fv2%2Fmedia&parent=20325"}],"wp:term":[{"taxonomy":"product_cat","embeddable":true,"href":"https:\/\/pneusbazar.com\/index.php?rest_route=%2Fwp%2Fv2%2Fproduct_cat&post=20325"},{"taxonomy":"product_tag","embeddable":true,"href":"https:\/\/pneusbazar.com\/index.php?rest_route=%2Fwp%2Fv2%2Fproduct_tag&post=20325"}],"curies":[{"name":"wp","href":"https:\/\/api.w.org\/{rel}","templated":true}]}}