{"id":20453,"date":"2014-12-21T23:18:06","date_gmt":"2014-12-21T23:18:06","guid":{"rendered":"http:\/\/pneusbazar.com\/?post_type=product&#038;p=20453"},"modified":"2020-11-14T22:08:26","modified_gmt":"2020-11-15T03:08:26","slug":"toyo-versado-cuv","status":"publish","type":"product","link":"https:\/\/pneusbazar.com\/?product=toyo-versado-cuv","title":{"rendered":"Toyo VERSADO CUV"},"content":{"rendered":"<table width=\"158\">\n<tbody>\n<tr>\n<td colspan=\"2\">Grandeurs disponibles<\/td>\n<\/tr>\n<tr>\n<td>P235\/70R16<\/td>\n<td>225\/55R18<\/td>\n<\/tr>\n<tr>\n<td>P215\/65R17<\/td>\n<td>235\/55R18<\/td>\n<\/tr>\n<tr>\n<td>225\/65R17<\/td>\n<td>255\/55R18**<\/td>\n<\/tr>\n<tr>\n<td>235\/65R17<\/td>\n<td>235\/50R18<\/td>\n<\/tr>\n<tr>\n<td>235\/65R17**<\/td>\n<td>P255\/60R19<\/td>\n<\/tr>\n<tr>\n<td>P225\/60R17<\/td>\n<td>235\/55R19**<\/td>\n<\/tr>\n<tr>\n<td>235\/60R17<\/td>\n<td>P245\/55R19<\/td>\n<\/tr>\n<tr>\n<td>255\/60R17<\/td>\n<td>275\/55R19<\/td>\n<\/tr>\n<tr>\n<td>235\/55R17<\/td>\n<td>235\/50R19**<\/td>\n<\/tr>\n<tr>\n<td>235\/65R18<\/td>\n<td>255\/50R19**<\/td>\n<\/tr>\n<tr>\n<td>P255\/65R18<\/td>\n<td>265\/50R19**<\/td>\n<\/tr>\n<tr>\n<td>235\/60R18**<\/td>\n<td>P235\/55R20<\/td>\n<\/tr>\n<tr>\n<td>245\/60R18<\/td>\n<td>P245\/50R20<\/td>\n<\/tr>\n<tr>\n<td>265\/60R18<\/td>\n<td>265\/50R20<\/td>\n<\/tr>\n<tr>\n<td>215\/55R18<\/td>\n<td><\/td>\n<\/tr>\n<\/tbody>\n<\/table>\n","protected":false},"excerpt":{"rendered":"<ul>\n<li>Pneu quatre saisons pour les v\u00e9hicules multisegments<\/li>\n<li>Faible r\u00e9sistance au roulement pour une meilleure \u00e9conomie de carburant<\/li>\n<li>Bande de roulement asym\u00e9trique pour une performance optimis\u00e9e<\/li>\n<li>Offre d\u2019essai de 30 jours<\/li>\n<li>Technologie Silent Wall pour un roulement plus silencieux<\/li>\n<li>Conception de la partie ext\u00e9rieure de la bande de roulement am\u00e9liore la performance et la stabilit\u00e9 en virage sur chauss\u00e9e s\u00e8che<\/li>\n<li>Quatre larges rainures circulaires \u00e9vacuent l\u2019eau pour am\u00e9liorer la traction sur chauss\u00e9e mouill\u00e9e<\/li>\n<\/ul>\n","protected":false},"featured_media":20454,"comment_status":"closed","ping_status":"closed","template":"","meta":[],"product_cat":[],"product_tag":[],"class_list":{"0":"post-20453","1":"product","2":"type-product","3":"status-publish","4":"has-post-thumbnail","6":"pa_experience-de-conduite-tourisme","7":"pa_gamme-good","8":"pa_marque-toyo","9":"pa_saison-de-pneus-4-saisons","10":"pa_type-de-pneu-pneus-de-vehicule-utilitaire","12":"first","13":"instock","14":"shipping-taxable","15":"product-type-simple"},"yoast_head":"<!-- This site is optimized with the Yoast SEO plugin v23.2 - https:\/\/yoast.com\/wordpress\/plugins\/seo\/ -->\n<title>Toyo VERSADO CUV - Pneus Bazar<\/title>\n<meta name=\"robots\" content=\"index, follow, max-snippet:-1, max-image-preview:large, max-video-preview:-1\" \/>\n<link rel=\"canonical\" href=\"https:\/\/pneusbazar.com\/?product=toyo-versado-cuv\" \/>\n<script type=\"application\/ld+json\" class=\"yoast-schema-graph\">{\"@context\":\"https:\/\/schema.org\",\"@graph\":[{\"@type\":\"WebPage\",\"@id\":\"https:\/\/pneusbazar.com\/?product=toyo-versado-cuv\",\"url\":\"https:\/\/pneusbazar.com\/?product=toyo-versado-cuv\",\"name\":\"Toyo VERSADO CUV - Pneus Bazar\",\"isPartOf\":{\"@id\":\"http:\/\/pneusbazar.com\/#website\"},\"primaryImageOfPage\":{\"@id\":\"https:\/\/pneusbazar.com\/?product=toyo-versado-cuv#primaryimage\"},\"image\":{\"@id\":\"https:\/\/pneusbazar.com\/?product=toyo-versado-cuv#primaryimage\"},\"thumbnailUrl\":\"https:\/\/pneusbazar.com\/wp-content\/uploads\/2014\/12\/Toyo_VersadoCUV_lg.jpg\",\"datePublished\":\"2014-12-21T23:18:06+00:00\",\"dateModified\":\"2020-11-15T03:08:26+00:00\",\"breadcrumb\":{\"@id\":\"https:\/\/pneusbazar.com\/?product=toyo-versado-cuv#breadcrumb\"},\"inLanguage\":\"fr-FR\",\"potentialAction\":[{\"@type\":\"ReadAction\",\"target\":[\"https:\/\/pneusbazar.com\/?product=toyo-versado-cuv\"]}]},{\"@type\":\"ImageObject\",\"inLanguage\":\"fr-FR\",\"@id\":\"https:\/\/pneusbazar.com\/?product=toyo-versado-cuv#primaryimage\",\"url\":\"https:\/\/pneusbazar.com\/wp-content\/uploads\/2014\/12\/Toyo_VersadoCUV_lg.jpg\",\"contentUrl\":\"https:\/\/pneusbazar.com\/wp-content\/uploads\/2014\/12\/Toyo_VersadoCUV_lg.jpg\",\"width\":400,\"height\":400},{\"@type\":\"BreadcrumbList\",\"@id\":\"https:\/\/pneusbazar.com\/?product=toyo-versado-cuv#breadcrumb\",\"itemListElement\":[{\"@type\":\"ListItem\",\"position\":1,\"name\":\"Accueil\",\"item\":\"http:\/\/pneusbazar.com\/\"},{\"@type\":\"ListItem\",\"position\":2,\"name\":\"Catalogue de pneus\",\"item\":\"https:\/\/pneusbazar.com\/?page_id=20284\"},{\"@type\":\"ListItem\",\"position\":3,\"name\":\"Toyo VERSADO CUV\"}]},{\"@type\":\"WebSite\",\"@id\":\"http:\/\/pneusbazar.com\/#website\",\"url\":\"http:\/\/pneusbazar.com\/\",\"name\":\"Pneus Bazar\",\"description\":\"On prend soin de vous\",\"potentialAction\":[{\"@type\":\"SearchAction\",\"target\":{\"@type\":\"EntryPoint\",\"urlTemplate\":\"http:\/\/pneusbazar.com\/?s={search_term_string}\"},\"query-input\":\"required name=search_term_string\"}],\"inLanguage\":\"fr-FR\"}]}<\/script>\n<!-- \/ Yoast SEO plugin. -->","yoast_head_json":{"title":"Toyo VERSADO CUV - Pneus Bazar","robots":{"index":"index","follow":"follow","max-snippet":"max-snippet:-1","max-image-preview":"max-image-preview:large","max-video-preview":"max-video-preview:-1"},"canonical":"https:\/\/pneusbazar.com\/?product=toyo-versado-cuv","schema":{"@context":"https:\/\/schema.org","@graph":[{"@type":"WebPage","@id":"https:\/\/pneusbazar.com\/?product=toyo-versado-cuv","url":"https:\/\/pneusbazar.com\/?product=toyo-versado-cuv","name":"Toyo VERSADO CUV - Pneus Bazar","isPartOf":{"@id":"http:\/\/pneusbazar.com\/#website"},"primaryImageOfPage":{"@id":"https:\/\/pneusbazar.com\/?product=toyo-versado-cuv#primaryimage"},"image":{"@id":"https:\/\/pneusbazar.com\/?product=toyo-versado-cuv#primaryimage"},"thumbnailUrl":"https:\/\/pneusbazar.com\/wp-content\/uploads\/2014\/12\/Toyo_VersadoCUV_lg.jpg","datePublished":"2014-12-21T23:18:06+00:00","dateModified":"2020-11-15T03:08:26+00:00","breadcrumb":{"@id":"https:\/\/pneusbazar.com\/?product=toyo-versado-cuv#breadcrumb"},"inLanguage":"fr-FR","potentialAction":[{"@type":"ReadAction","target":["https:\/\/pneusbazar.com\/?product=toyo-versado-cuv"]}]},{"@type":"ImageObject","inLanguage":"fr-FR","@id":"https:\/\/pneusbazar.com\/?product=toyo-versado-cuv#primaryimage","url":"https:\/\/pneusbazar.com\/wp-content\/uploads\/2014\/12\/Toyo_VersadoCUV_lg.jpg","contentUrl":"https:\/\/pneusbazar.com\/wp-content\/uploads\/2014\/12\/Toyo_VersadoCUV_lg.jpg","width":400,"height":400},{"@type":"BreadcrumbList","@id":"https:\/\/pneusbazar.com\/?product=toyo-versado-cuv#breadcrumb","itemListElement":[{"@type":"ListItem","position":1,"name":"Accueil","item":"http:\/\/pneusbazar.com\/"},{"@type":"ListItem","position":2,"name":"Catalogue de pneus","item":"https:\/\/pneusbazar.com\/?page_id=20284"},{"@type":"ListItem","position":3,"name":"Toyo VERSADO CUV"}]},{"@type":"WebSite","@id":"http:\/\/pneusbazar.com\/#website","url":"http:\/\/pneusbazar.com\/","name":"Pneus Bazar","description":"On prend soin de vous","potentialAction":[{"@type":"SearchAction","target":{"@type":"EntryPoint","urlTemplate":"http:\/\/pneusbazar.com\/?s={search_term_string}"},"query-input":"required name=search_term_string"}],"inLanguage":"fr-FR"}]}},"_links":{"self":[{"href":"https:\/\/pneusbazar.com\/index.php?rest_route=\/wp\/v2\/product\/20453"}],"collection":[{"href":"https:\/\/pneusbazar.com\/index.php?rest_route=\/wp\/v2\/product"}],"about":[{"href":"https:\/\/pneusbazar.com\/index.php?rest_route=\/wp\/v2\/types\/product"}],"replies":[{"embeddable":true,"href":"https:\/\/pneusbazar.com\/index.php?rest_route=%2Fwp%2Fv2%2Fcomments&post=20453"}],"wp:featuredmedia":[{"embeddable":true,"href":"https:\/\/pneusbazar.com\/index.php?rest_route=\/wp\/v2\/media\/20454"}],"wp:attachment":[{"href":"https:\/\/pneusbazar.com\/index.php?rest_route=%2Fwp%2Fv2%2Fmedia&parent=20453"}],"wp:term":[{"taxonomy":"product_cat","embeddable":true,"href":"https:\/\/pneusbazar.com\/index.php?rest_route=%2Fwp%2Fv2%2Fproduct_cat&post=20453"},{"taxonomy":"product_tag","embeddable":true,"href":"https:\/\/pneusbazar.com\/index.php?rest_route=%2Fwp%2Fv2%2Fproduct_tag&post=20453"}],"curies":[{"name":"wp","href":"https:\/\/api.w.org\/{rel}","templated":true}]}}