{"id":20484,"date":"2014-12-22T00:49:24","date_gmt":"2014-12-22T00:49:24","guid":{"rendered":"http:\/\/pneusbazar.com\/?post_type=product&#038;p=20484"},"modified":"2020-11-14T22:07:30","modified_gmt":"2020-11-15T03:07:30","slug":"kumho-zen-kw23","status":"publish","type":"product","link":"https:\/\/pneusbazar.com\/?product=kumho-zen-kw23","title":{"rendered":"Kumho I-ZEN (KW23)"},"content":{"rendered":"<table width=\"164\">\n<tbody>\n<tr>\n<td colspan=\"2\">Grandeurs disponibles<\/td>\n<\/tr>\n<tr>\n<td width=\"82\">165\/65R13<\/td>\n<td width=\"82\">205\/60R15<\/td>\n<\/tr>\n<tr>\n<td width=\"82\">175\/65R13<\/td>\n<td width=\"82\">185\/55R15<\/td>\n<\/tr>\n<tr>\n<td width=\"82\">165\/65R14<\/td>\n<td width=\"82\">195\/55R15<\/td>\n<\/tr>\n<tr>\n<td width=\"82\">175\/65R14<\/td>\n<td width=\"82\">175\/50R15<\/td>\n<\/tr>\n<tr>\n<td width=\"82\">185\/65R14<\/td>\n<td width=\"82\">195\/50R15<\/td>\n<\/tr>\n<tr>\n<td width=\"82\">195\/65R14<\/td>\n<td width=\"82\">205\/50R15<\/td>\n<\/tr>\n<tr>\n<td width=\"82\">185\/60R14<\/td>\n<td width=\"82\">215\/65R16<\/td>\n<\/tr>\n<tr>\n<td width=\"82\">195\/60R14<\/td>\n<td width=\"82\">225\/60R16<\/td>\n<\/tr>\n<tr>\n<td width=\"82\">185\/65R15<\/td>\n<td width=\"82\">235\/60R16<\/td>\n<\/tr>\n<tr>\n<td width=\"82\">185\/65R15<\/td>\n<td width=\"82\">195\/50R16<\/td>\n<\/tr>\n<tr>\n<td width=\"82\">195\/65R15<\/td>\n<td width=\"82\">195\/55R16<\/td>\n<\/tr>\n<tr>\n<td width=\"82\">195\/65R15<\/td>\n<td width=\"82\">205\/55R16<\/td>\n<\/tr>\n<tr>\n<td width=\"82\">195\/65R15<\/td>\n<td width=\"82\">205\/55R16<\/td>\n<\/tr>\n<tr>\n<td width=\"82\">205\/65R15<\/td>\n<td width=\"82\">205\/45R16<\/td>\n<\/tr>\n<tr>\n<td width=\"82\">205\/65R15<\/td>\n<td width=\"82\">225\/60R17<\/td>\n<\/tr>\n<tr>\n<td width=\"82\">185\/60R15<\/td>\n<td width=\"82\">215\/50R17<\/td>\n<\/tr>\n<tr>\n<td width=\"82\">195\/60R15<\/td>\n<td width=\"82\">215\/50R17<\/td>\n<\/tr>\n<tr>\n<td width=\"82\">195\/60R15<\/td>\n<td>215\/45R17<\/td>\n<\/tr>\n<\/tbody>\n<\/table>\n","protected":false},"excerpt":{"rendered":"<ul>\n<li>Adh\u00e9rence accrue gr\u00e2ce \u00e0 l&rsquo;aire de contact maximis\u00e9<\/li>\n<li>Lamelles 3D am\u00e9liorent l&rsquo;adh\u00e9rence sur la neige et la glace<\/li>\n<li>Rainures en biais procurent une r\u00e9sistance au glissement<\/li>\n<li>Rigidit\u00e9 de l&rsquo;\u00e9paulement pour une conduite am\u00e9lior\u00e9e dans les virages<\/li>\n<li>Lamelles en zigzag prot\u00e8gent contre l&rsquo;usure irr\u00e9guli\u00e8re<\/li>\n<li>Performance am\u00e9lior\u00e9e de freinage\/traction<\/li>\n<\/ul>\n","protected":false},"featured_media":20485,"comment_status":"closed","ping_status":"closed","template":"","meta":[],"product_cat":[],"product_tag":[],"class_list":{"0":"post-20484","1":"product","2":"type-product","3":"status-publish","4":"has-post-thumbnail","6":"pa_experience-de-conduite-tourisme","7":"pa_gamme-bad","8":"pa_marque-kumho","9":"pa_saison-de-pneus-hiver","10":"pa_type-de-pneu-pneus-de-voiture","12":"first","13":"instock","14":"shipping-taxable","15":"product-type-simple"},"yoast_head":"<!-- This site is optimized with the Yoast SEO plugin v23.2 - https:\/\/yoast.com\/wordpress\/plugins\/seo\/ -->\n<title>Kumho I-ZEN (KW23) - Pneus Bazar<\/title>\n<meta name=\"robots\" content=\"index, follow, max-snippet:-1, max-image-preview:large, max-video-preview:-1\" \/>\n<link rel=\"canonical\" href=\"https:\/\/pneusbazar.com\/?product=kumho-zen-kw23\" \/>\n<script type=\"application\/ld+json\" class=\"yoast-schema-graph\">{\"@context\":\"https:\/\/schema.org\",\"@graph\":[{\"@type\":\"WebPage\",\"@id\":\"https:\/\/pneusbazar.com\/?product=kumho-zen-kw23\",\"url\":\"https:\/\/pneusbazar.com\/?product=kumho-zen-kw23\",\"name\":\"Kumho I-ZEN (KW23) - Pneus Bazar\",\"isPartOf\":{\"@id\":\"https:\/\/pneusbazar.com\/#website\"},\"primaryImageOfPage\":{\"@id\":\"https:\/\/pneusbazar.com\/?product=kumho-zen-kw23#primaryimage\"},\"image\":{\"@id\":\"https:\/\/pneusbazar.com\/?product=kumho-zen-kw23#primaryimage\"},\"thumbnailUrl\":\"https:\/\/pneusbazar.com\/wp-content\/uploads\/2014\/12\/3QL-KW23.png\",\"datePublished\":\"2014-12-22T00:49:24+00:00\",\"dateModified\":\"2020-11-15T03:07:30+00:00\",\"breadcrumb\":{\"@id\":\"https:\/\/pneusbazar.com\/?product=kumho-zen-kw23#breadcrumb\"},\"inLanguage\":\"fr-FR\",\"potentialAction\":[{\"@type\":\"ReadAction\",\"target\":[\"https:\/\/pneusbazar.com\/?product=kumho-zen-kw23\"]}]},{\"@type\":\"ImageObject\",\"inLanguage\":\"fr-FR\",\"@id\":\"https:\/\/pneusbazar.com\/?product=kumho-zen-kw23#primaryimage\",\"url\":\"https:\/\/pneusbazar.com\/wp-content\/uploads\/2014\/12\/3QL-KW23.png\",\"contentUrl\":\"https:\/\/pneusbazar.com\/wp-content\/uploads\/2014\/12\/3QL-KW23.png\",\"width\":400,\"height\":400},{\"@type\":\"BreadcrumbList\",\"@id\":\"https:\/\/pneusbazar.com\/?product=kumho-zen-kw23#breadcrumb\",\"itemListElement\":[{\"@type\":\"ListItem\",\"position\":1,\"name\":\"Accueil\",\"item\":\"https:\/\/pneusbazar.com\/\"},{\"@type\":\"ListItem\",\"position\":2,\"name\":\"Catalogue de pneus\",\"item\":\"https:\/\/pneusbazar.com\/?page_id=20284\"},{\"@type\":\"ListItem\",\"position\":3,\"name\":\"Kumho I-ZEN (KW23)\"}]},{\"@type\":\"WebSite\",\"@id\":\"https:\/\/pneusbazar.com\/#website\",\"url\":\"https:\/\/pneusbazar.com\/\",\"name\":\"Pneus Bazar\",\"description\":\"On prend soin de vous\",\"potentialAction\":[{\"@type\":\"SearchAction\",\"target\":{\"@type\":\"EntryPoint\",\"urlTemplate\":\"https:\/\/pneusbazar.com\/?s={search_term_string}\"},\"query-input\":\"required name=search_term_string\"}],\"inLanguage\":\"fr-FR\"}]}<\/script>\n<!-- \/ Yoast SEO plugin. -->","yoast_head_json":{"title":"Kumho I-ZEN (KW23) - Pneus Bazar","robots":{"index":"index","follow":"follow","max-snippet":"max-snippet:-1","max-image-preview":"max-image-preview:large","max-video-preview":"max-video-preview:-1"},"canonical":"https:\/\/pneusbazar.com\/?product=kumho-zen-kw23","schema":{"@context":"https:\/\/schema.org","@graph":[{"@type":"WebPage","@id":"https:\/\/pneusbazar.com\/?product=kumho-zen-kw23","url":"https:\/\/pneusbazar.com\/?product=kumho-zen-kw23","name":"Kumho I-ZEN (KW23) - Pneus Bazar","isPartOf":{"@id":"https:\/\/pneusbazar.com\/#website"},"primaryImageOfPage":{"@id":"https:\/\/pneusbazar.com\/?product=kumho-zen-kw23#primaryimage"},"image":{"@id":"https:\/\/pneusbazar.com\/?product=kumho-zen-kw23#primaryimage"},"thumbnailUrl":"https:\/\/pneusbazar.com\/wp-content\/uploads\/2014\/12\/3QL-KW23.png","datePublished":"2014-12-22T00:49:24+00:00","dateModified":"2020-11-15T03:07:30+00:00","breadcrumb":{"@id":"https:\/\/pneusbazar.com\/?product=kumho-zen-kw23#breadcrumb"},"inLanguage":"fr-FR","potentialAction":[{"@type":"ReadAction","target":["https:\/\/pneusbazar.com\/?product=kumho-zen-kw23"]}]},{"@type":"ImageObject","inLanguage":"fr-FR","@id":"https:\/\/pneusbazar.com\/?product=kumho-zen-kw23#primaryimage","url":"https:\/\/pneusbazar.com\/wp-content\/uploads\/2014\/12\/3QL-KW23.png","contentUrl":"https:\/\/pneusbazar.com\/wp-content\/uploads\/2014\/12\/3QL-KW23.png","width":400,"height":400},{"@type":"BreadcrumbList","@id":"https:\/\/pneusbazar.com\/?product=kumho-zen-kw23#breadcrumb","itemListElement":[{"@type":"ListItem","position":1,"name":"Accueil","item":"https:\/\/pneusbazar.com\/"},{"@type":"ListItem","position":2,"name":"Catalogue de pneus","item":"https:\/\/pneusbazar.com\/?page_id=20284"},{"@type":"ListItem","position":3,"name":"Kumho I-ZEN (KW23)"}]},{"@type":"WebSite","@id":"https:\/\/pneusbazar.com\/#website","url":"https:\/\/pneusbazar.com\/","name":"Pneus Bazar","description":"On prend soin de vous","potentialAction":[{"@type":"SearchAction","target":{"@type":"EntryPoint","urlTemplate":"https:\/\/pneusbazar.com\/?s={search_term_string}"},"query-input":"required name=search_term_string"}],"inLanguage":"fr-FR"}]}},"_links":{"self":[{"href":"https:\/\/pneusbazar.com\/index.php?rest_route=\/wp\/v2\/product\/20484"}],"collection":[{"href":"https:\/\/pneusbazar.com\/index.php?rest_route=\/wp\/v2\/product"}],"about":[{"href":"https:\/\/pneusbazar.com\/index.php?rest_route=\/wp\/v2\/types\/product"}],"replies":[{"embeddable":true,"href":"https:\/\/pneusbazar.com\/index.php?rest_route=%2Fwp%2Fv2%2Fcomments&post=20484"}],"wp:featuredmedia":[{"embeddable":true,"href":"https:\/\/pneusbazar.com\/index.php?rest_route=\/wp\/v2\/media\/20485"}],"wp:attachment":[{"href":"https:\/\/pneusbazar.com\/index.php?rest_route=%2Fwp%2Fv2%2Fmedia&parent=20484"}],"wp:term":[{"taxonomy":"product_cat","embeddable":true,"href":"https:\/\/pneusbazar.com\/index.php?rest_route=%2Fwp%2Fv2%2Fproduct_cat&post=20484"},{"taxonomy":"product_tag","embeddable":true,"href":"https:\/\/pneusbazar.com\/index.php?rest_route=%2Fwp%2Fv2%2Fproduct_tag&post=20484"}],"curies":[{"name":"wp","href":"https:\/\/api.w.org\/{rel}","templated":true}]}}