{"id":20494,"date":"2014-12-22T01:03:31","date_gmt":"2014-12-22T01:03:31","guid":{"rendered":"http:\/\/pneusbazar.com\/?post_type=product&#038;p=20494"},"modified":"2020-11-14T22:07:30","modified_gmt":"2020-11-15T03:07:30","slug":"kumho-road-venture-sat-kl61","status":"publish","type":"product","link":"https:\/\/pneusbazar.com\/?product=kumho-road-venture-sat-kl61","title":{"rendered":"Kumho ROAD VENTURE SAT (KL61)"},"content":{"rendered":"<table width=\"184\">\n<tbody>\n<tr>\n<td colspan=\"2\">Grandeurs disponibles<\/td>\n<\/tr>\n<tr>\n<td width=\"86\">P225\/75R15<\/td>\n<td>P265\/70R18<\/td>\n<\/tr>\n<tr>\n<td>P235\/75R15<\/td>\n<td>P275\/65R18<\/td>\n<\/tr>\n<tr>\n<td width=\"86\">P265\/75R15<\/td>\n<td>Camionnette<\/td>\n<\/tr>\n<tr>\n<td width=\"86\">P235\/70R15<\/td>\n<td>30&#215;9.5\/R15<\/td>\n<\/tr>\n<tr>\n<td>P235\/70R16<\/td>\n<td>31&#215;10.5\/R15<\/td>\n<\/tr>\n<tr>\n<td>P245\/70R16<\/td>\n<td>LT235\/75R15<\/td>\n<\/tr>\n<tr>\n<td>P245\/75R16<\/td>\n<td>LT215\/85R16<\/td>\n<\/tr>\n<tr>\n<td width=\"86\">P255\/70R16<\/td>\n<td>LT235\/85R16<\/td>\n<\/tr>\n<tr>\n<td>P265\/70R16<\/td>\n<td>LT225\/75R16<\/td>\n<\/tr>\n<tr>\n<td>P235\/65R17<\/td>\n<td>LT245\/75R16<\/td>\n<\/tr>\n<tr>\n<td>P245\/70R17<\/td>\n<td>LT265\/75R16<\/td>\n<\/tr>\n<tr>\n<td>P245\/65R17<\/td>\n<td>LT265\/75R16<\/td>\n<\/tr>\n<tr>\n<td>P255\/65R17<\/td>\n<td>LT285\/75R16<\/td>\n<\/tr>\n<tr>\n<td>P265\/65R17<\/td>\n<td>LT245\/75R17<\/td>\n<\/tr>\n<tr>\n<td>P255\/70R17<\/td>\n<td>LT285\/70R17<\/td>\n<\/tr>\n<tr>\n<td width=\"86\">P265\/70R17<\/td>\n<td>LT275\/70R18<\/td>\n<\/tr>\n<tr>\n<td width=\"86\">P285\/70R17<\/td>\n<td><\/td>\n<\/tr>\n<\/tbody>\n<\/table>\n","protected":false},"excerpt":{"rendered":"<ul>\n<li>Stabilit\u00e9 de direction \u00e0 haute vitesse<\/li>\n<li>Symbole flocon de neige\/montagne<\/li>\n<li>Lamelles denses pour performance am\u00e9lior\u00e9e dans la neige<\/li>\n<li>Indicateurs d\u2019usure d\u00e9montrent les probl\u00e8mes d\u2019alignement<\/li>\n<li>C\u00f4t\u00e9 de bloc stri\u00e9 pour excellente \u00e9vacuation d\u2019eau<\/li>\n<li>Rebords des blocs en 3D r\u00e9sistent \u00e0 l\u2019usure in\u00e9gale<\/li>\n<li>Barre d\u2019\u00e9jecteur de cailloux<\/li>\n<\/ul>\n","protected":false},"featured_media":20495,"comment_status":"closed","ping_status":"closed","template":"","meta":[],"product_cat":[],"product_tag":[],"class_list":{"0":"post-20494","1":"product","2":"type-product","3":"status-publish","4":"has-post-thumbnail","6":"pa_experience-de-conduite-tourisme","7":"pa_gamme-bad","8":"pa_marque-kumho","9":"pa_saison-de-pneus-4-saisons","10":"pa_type-de-pneu-pneus-de-camionnette","12":"first","13":"instock","14":"shipping-taxable","15":"product-type-simple"},"yoast_head":"<!-- This site is optimized with the Yoast SEO plugin v23.2 - https:\/\/yoast.com\/wordpress\/plugins\/seo\/ -->\n<title>Kumho ROAD VENTURE SAT (KL61) - Pneus Bazar<\/title>\n<meta name=\"robots\" content=\"index, follow, max-snippet:-1, max-image-preview:large, max-video-preview:-1\" \/>\n<link rel=\"canonical\" href=\"https:\/\/pneusbazar.com\/?product=kumho-road-venture-sat-kl61\" \/>\n<script type=\"application\/ld+json\" class=\"yoast-schema-graph\">{\"@context\":\"https:\/\/schema.org\",\"@graph\":[{\"@type\":\"WebPage\",\"@id\":\"https:\/\/pneusbazar.com\/?product=kumho-road-venture-sat-kl61\",\"url\":\"https:\/\/pneusbazar.com\/?product=kumho-road-venture-sat-kl61\",\"name\":\"Kumho ROAD VENTURE SAT (KL61) - Pneus Bazar\",\"isPartOf\":{\"@id\":\"https:\/\/pneusbazar.com\/#website\"},\"primaryImageOfPage\":{\"@id\":\"https:\/\/pneusbazar.com\/?product=kumho-road-venture-sat-kl61#primaryimage\"},\"image\":{\"@id\":\"https:\/\/pneusbazar.com\/?product=kumho-road-venture-sat-kl61#primaryimage\"},\"thumbnailUrl\":\"https:\/\/pneusbazar.com\/wp-content\/uploads\/2014\/12\/ku_roadventure_satkl61_ci3_l.jpg\",\"datePublished\":\"2014-12-22T01:03:31+00:00\",\"dateModified\":\"2020-11-15T03:07:30+00:00\",\"breadcrumb\":{\"@id\":\"https:\/\/pneusbazar.com\/?product=kumho-road-venture-sat-kl61#breadcrumb\"},\"inLanguage\":\"fr-FR\",\"potentialAction\":[{\"@type\":\"ReadAction\",\"target\":[\"https:\/\/pneusbazar.com\/?product=kumho-road-venture-sat-kl61\"]}]},{\"@type\":\"ImageObject\",\"inLanguage\":\"fr-FR\",\"@id\":\"https:\/\/pneusbazar.com\/?product=kumho-road-venture-sat-kl61#primaryimage\",\"url\":\"https:\/\/pneusbazar.com\/wp-content\/uploads\/2014\/12\/ku_roadventure_satkl61_ci3_l.jpg\",\"contentUrl\":\"https:\/\/pneusbazar.com\/wp-content\/uploads\/2014\/12\/ku_roadventure_satkl61_ci3_l.jpg\",\"width\":400,\"height\":400},{\"@type\":\"BreadcrumbList\",\"@id\":\"https:\/\/pneusbazar.com\/?product=kumho-road-venture-sat-kl61#breadcrumb\",\"itemListElement\":[{\"@type\":\"ListItem\",\"position\":1,\"name\":\"Accueil\",\"item\":\"https:\/\/pneusbazar.com\/\"},{\"@type\":\"ListItem\",\"position\":2,\"name\":\"Catalogue de pneus\",\"item\":\"https:\/\/pneusbazar.com\/?page_id=20284\"},{\"@type\":\"ListItem\",\"position\":3,\"name\":\"Kumho ROAD VENTURE SAT (KL61)\"}]},{\"@type\":\"WebSite\",\"@id\":\"https:\/\/pneusbazar.com\/#website\",\"url\":\"https:\/\/pneusbazar.com\/\",\"name\":\"Pneus Bazar\",\"description\":\"On prend soin de vous\",\"potentialAction\":[{\"@type\":\"SearchAction\",\"target\":{\"@type\":\"EntryPoint\",\"urlTemplate\":\"https:\/\/pneusbazar.com\/?s={search_term_string}\"},\"query-input\":\"required name=search_term_string\"}],\"inLanguage\":\"fr-FR\"}]}<\/script>\n<!-- \/ Yoast SEO plugin. -->","yoast_head_json":{"title":"Kumho ROAD VENTURE SAT (KL61) - Pneus Bazar","robots":{"index":"index","follow":"follow","max-snippet":"max-snippet:-1","max-image-preview":"max-image-preview:large","max-video-preview":"max-video-preview:-1"},"canonical":"https:\/\/pneusbazar.com\/?product=kumho-road-venture-sat-kl61","schema":{"@context":"https:\/\/schema.org","@graph":[{"@type":"WebPage","@id":"https:\/\/pneusbazar.com\/?product=kumho-road-venture-sat-kl61","url":"https:\/\/pneusbazar.com\/?product=kumho-road-venture-sat-kl61","name":"Kumho ROAD VENTURE SAT (KL61) - Pneus Bazar","isPartOf":{"@id":"https:\/\/pneusbazar.com\/#website"},"primaryImageOfPage":{"@id":"https:\/\/pneusbazar.com\/?product=kumho-road-venture-sat-kl61#primaryimage"},"image":{"@id":"https:\/\/pneusbazar.com\/?product=kumho-road-venture-sat-kl61#primaryimage"},"thumbnailUrl":"https:\/\/pneusbazar.com\/wp-content\/uploads\/2014\/12\/ku_roadventure_satkl61_ci3_l.jpg","datePublished":"2014-12-22T01:03:31+00:00","dateModified":"2020-11-15T03:07:30+00:00","breadcrumb":{"@id":"https:\/\/pneusbazar.com\/?product=kumho-road-venture-sat-kl61#breadcrumb"},"inLanguage":"fr-FR","potentialAction":[{"@type":"ReadAction","target":["https:\/\/pneusbazar.com\/?product=kumho-road-venture-sat-kl61"]}]},{"@type":"ImageObject","inLanguage":"fr-FR","@id":"https:\/\/pneusbazar.com\/?product=kumho-road-venture-sat-kl61#primaryimage","url":"https:\/\/pneusbazar.com\/wp-content\/uploads\/2014\/12\/ku_roadventure_satkl61_ci3_l.jpg","contentUrl":"https:\/\/pneusbazar.com\/wp-content\/uploads\/2014\/12\/ku_roadventure_satkl61_ci3_l.jpg","width":400,"height":400},{"@type":"BreadcrumbList","@id":"https:\/\/pneusbazar.com\/?product=kumho-road-venture-sat-kl61#breadcrumb","itemListElement":[{"@type":"ListItem","position":1,"name":"Accueil","item":"https:\/\/pneusbazar.com\/"},{"@type":"ListItem","position":2,"name":"Catalogue de pneus","item":"https:\/\/pneusbazar.com\/?page_id=20284"},{"@type":"ListItem","position":3,"name":"Kumho ROAD VENTURE SAT (KL61)"}]},{"@type":"WebSite","@id":"https:\/\/pneusbazar.com\/#website","url":"https:\/\/pneusbazar.com\/","name":"Pneus Bazar","description":"On prend soin de vous","potentialAction":[{"@type":"SearchAction","target":{"@type":"EntryPoint","urlTemplate":"https:\/\/pneusbazar.com\/?s={search_term_string}"},"query-input":"required name=search_term_string"}],"inLanguage":"fr-FR"}]}},"_links":{"self":[{"href":"https:\/\/pneusbazar.com\/index.php?rest_route=\/wp\/v2\/product\/20494"}],"collection":[{"href":"https:\/\/pneusbazar.com\/index.php?rest_route=\/wp\/v2\/product"}],"about":[{"href":"https:\/\/pneusbazar.com\/index.php?rest_route=\/wp\/v2\/types\/product"}],"replies":[{"embeddable":true,"href":"https:\/\/pneusbazar.com\/index.php?rest_route=%2Fwp%2Fv2%2Fcomments&post=20494"}],"wp:featuredmedia":[{"embeddable":true,"href":"https:\/\/pneusbazar.com\/index.php?rest_route=\/wp\/v2\/media\/20495"}],"wp:attachment":[{"href":"https:\/\/pneusbazar.com\/index.php?rest_route=%2Fwp%2Fv2%2Fmedia&parent=20494"}],"wp:term":[{"taxonomy":"product_cat","embeddable":true,"href":"https:\/\/pneusbazar.com\/index.php?rest_route=%2Fwp%2Fv2%2Fproduct_cat&post=20494"},{"taxonomy":"product_tag","embeddable":true,"href":"https:\/\/pneusbazar.com\/index.php?rest_route=%2Fwp%2Fv2%2Fproduct_tag&post=20494"}],"curies":[{"name":"wp","href":"https:\/\/api.w.org\/{rel}","templated":true}]}}