{"id":213555,"date":"2016-10-22T13:19:53","date_gmt":"2016-10-22T18:19:53","guid":{"rendered":"http:\/\/pneusbazar.com\/?post_type=product&#038;p=213555"},"modified":"2020-11-14T22:07:30","modified_gmt":"2020-11-15T03:07:30","slug":"pirelli-winter-sottozero-3","status":"publish","type":"product","link":"https:\/\/pneusbazar.com\/?product=pirelli-winter-sottozero-3","title":{"rendered":"Pirelli Winter Sottozero 3"},"content":{"rendered":"<h4>Tailles disponibles<\/h4>\n<ul>\n<li><strong>Largeur:<\/strong>de 205 \u00e0 305<\/li>\n<li><strong>S\u00e9ries:<\/strong>de 30 \u00e0 65<\/li>\n<li><strong>Code de vitesse:<\/strong>H, V, W<\/li>\n<li><strong>Jante:<\/strong>16\u00a0\u00bb &#8211; 21\u00a0\u00bb<\/li>\n<\/ul>\n","protected":false},"excerpt":{"rendered":"<p><strong>ATOUTS DU PRODUIT<\/strong><br \/>\nMeilleure performance dans toutes les conditions de conduite hivernales. Il est con\u00e7u pour offrir aux v\u00e9hicules modernes une performance optimale, quelles que soient les conditions routi\u00e8res hivernales.<\/p>\n<p><strong>SP\u00c9CIFICIT\u00c9S TECHNIQUES<\/strong><br \/>\nGomme fonctionnalis\u00e9e et lamelles 3D accroissent la stabilit\u00e9 de la semelle et optimisent l\u2019empreinte. La gomme optimis\u00e9e permet une forte adh\u00e9rence qui reste stable \u00e0 travers un vaste \u00e9cart de temp\u00e9rature.<\/p>\n","protected":false},"featured_media":213557,"comment_status":"closed","ping_status":"closed","template":"","meta":[],"product_cat":[],"product_tag":[95,96],"class_list":{"0":"post-213555","1":"product","2":"type-product","3":"status-publish","4":"has-post-thumbnail","6":"product_tag-pneu","7":"product_tag-pneus","8":"pa_experience-de-conduite-tourisme","9":"pa_gamme-good","10":"pa_marque-pirelli","11":"pa_saison-de-pneus-hiver","12":"pa_type-de-pneu-pneus-de-voiture","14":"first","15":"instock","16":"shipping-taxable","17":"product-type-simple"},"yoast_head":"<!-- This site is optimized with the Yoast SEO plugin v23.2 - https:\/\/yoast.com\/wordpress\/plugins\/seo\/ -->\n<title>Pirelli Winter Sottozero 3 - Pneus Bazar<\/title>\n<meta name=\"robots\" content=\"index, follow, max-snippet:-1, max-image-preview:large, max-video-preview:-1\" \/>\n<link rel=\"canonical\" href=\"https:\/\/pneusbazar.com\/?product=pirelli-winter-sottozero-3\" \/>\n<script type=\"application\/ld+json\" class=\"yoast-schema-graph\">{\"@context\":\"https:\/\/schema.org\",\"@graph\":[{\"@type\":\"WebPage\",\"@id\":\"https:\/\/pneusbazar.com\/?product=pirelli-winter-sottozero-3\",\"url\":\"https:\/\/pneusbazar.com\/?product=pirelli-winter-sottozero-3\",\"name\":\"Pirelli Winter Sottozero 3 - Pneus Bazar\",\"isPartOf\":{\"@id\":\"http:\/\/pneusbazar.com\/#website\"},\"primaryImageOfPage\":{\"@id\":\"https:\/\/pneusbazar.com\/?product=pirelli-winter-sottozero-3#primaryimage\"},\"image\":{\"@id\":\"https:\/\/pneusbazar.com\/?product=pirelli-winter-sottozero-3#primaryimage\"},\"thumbnailUrl\":\"https:\/\/pneusbazar.com\/wp-content\/uploads\/2016\/10\/winter_Sottozero_3.png\",\"datePublished\":\"2016-10-22T18:19:53+00:00\",\"dateModified\":\"2020-11-15T03:07:30+00:00\",\"breadcrumb\":{\"@id\":\"https:\/\/pneusbazar.com\/?product=pirelli-winter-sottozero-3#breadcrumb\"},\"inLanguage\":\"fr-FR\",\"potentialAction\":[{\"@type\":\"ReadAction\",\"target\":[\"https:\/\/pneusbazar.com\/?product=pirelli-winter-sottozero-3\"]}]},{\"@type\":\"ImageObject\",\"inLanguage\":\"fr-FR\",\"@id\":\"https:\/\/pneusbazar.com\/?product=pirelli-winter-sottozero-3#primaryimage\",\"url\":\"https:\/\/pneusbazar.com\/wp-content\/uploads\/2016\/10\/winter_Sottozero_3.png\",\"contentUrl\":\"https:\/\/pneusbazar.com\/wp-content\/uploads\/2016\/10\/winter_Sottozero_3.png\",\"width\":404,\"height\":414,\"caption\":\"Pneus Pirelli winter sottozero 3\"},{\"@type\":\"BreadcrumbList\",\"@id\":\"https:\/\/pneusbazar.com\/?product=pirelli-winter-sottozero-3#breadcrumb\",\"itemListElement\":[{\"@type\":\"ListItem\",\"position\":1,\"name\":\"Accueil\",\"item\":\"http:\/\/pneusbazar.com\/\"},{\"@type\":\"ListItem\",\"position\":2,\"name\":\"Catalogue de pneus\",\"item\":\"http:\/\/pneusbazar.com\/?page_id=20284\"},{\"@type\":\"ListItem\",\"position\":3,\"name\":\"Pirelli Winter Sottozero 3\"}]},{\"@type\":\"WebSite\",\"@id\":\"http:\/\/pneusbazar.com\/#website\",\"url\":\"http:\/\/pneusbazar.com\/\",\"name\":\"Pneus Bazar\",\"description\":\"On prend soin de vous\",\"potentialAction\":[{\"@type\":\"SearchAction\",\"target\":{\"@type\":\"EntryPoint\",\"urlTemplate\":\"http:\/\/pneusbazar.com\/?s={search_term_string}\"},\"query-input\":\"required name=search_term_string\"}],\"inLanguage\":\"fr-FR\"}]}<\/script>\n<!-- \/ Yoast SEO plugin. -->","yoast_head_json":{"title":"Pirelli Winter Sottozero 3 - Pneus Bazar","robots":{"index":"index","follow":"follow","max-snippet":"max-snippet:-1","max-image-preview":"max-image-preview:large","max-video-preview":"max-video-preview:-1"},"canonical":"https:\/\/pneusbazar.com\/?product=pirelli-winter-sottozero-3","schema":{"@context":"https:\/\/schema.org","@graph":[{"@type":"WebPage","@id":"https:\/\/pneusbazar.com\/?product=pirelli-winter-sottozero-3","url":"https:\/\/pneusbazar.com\/?product=pirelli-winter-sottozero-3","name":"Pirelli Winter Sottozero 3 - Pneus Bazar","isPartOf":{"@id":"http:\/\/pneusbazar.com\/#website"},"primaryImageOfPage":{"@id":"https:\/\/pneusbazar.com\/?product=pirelli-winter-sottozero-3#primaryimage"},"image":{"@id":"https:\/\/pneusbazar.com\/?product=pirelli-winter-sottozero-3#primaryimage"},"thumbnailUrl":"https:\/\/pneusbazar.com\/wp-content\/uploads\/2016\/10\/winter_Sottozero_3.png","datePublished":"2016-10-22T18:19:53+00:00","dateModified":"2020-11-15T03:07:30+00:00","breadcrumb":{"@id":"https:\/\/pneusbazar.com\/?product=pirelli-winter-sottozero-3#breadcrumb"},"inLanguage":"fr-FR","potentialAction":[{"@type":"ReadAction","target":["https:\/\/pneusbazar.com\/?product=pirelli-winter-sottozero-3"]}]},{"@type":"ImageObject","inLanguage":"fr-FR","@id":"https:\/\/pneusbazar.com\/?product=pirelli-winter-sottozero-3#primaryimage","url":"https:\/\/pneusbazar.com\/wp-content\/uploads\/2016\/10\/winter_Sottozero_3.png","contentUrl":"https:\/\/pneusbazar.com\/wp-content\/uploads\/2016\/10\/winter_Sottozero_3.png","width":404,"height":414,"caption":"Pneus Pirelli winter sottozero 3"},{"@type":"BreadcrumbList","@id":"https:\/\/pneusbazar.com\/?product=pirelli-winter-sottozero-3#breadcrumb","itemListElement":[{"@type":"ListItem","position":1,"name":"Accueil","item":"http:\/\/pneusbazar.com\/"},{"@type":"ListItem","position":2,"name":"Catalogue de pneus","item":"http:\/\/pneusbazar.com\/?page_id=20284"},{"@type":"ListItem","position":3,"name":"Pirelli Winter Sottozero 3"}]},{"@type":"WebSite","@id":"http:\/\/pneusbazar.com\/#website","url":"http:\/\/pneusbazar.com\/","name":"Pneus Bazar","description":"On prend soin de vous","potentialAction":[{"@type":"SearchAction","target":{"@type":"EntryPoint","urlTemplate":"http:\/\/pneusbazar.com\/?s={search_term_string}"},"query-input":"required name=search_term_string"}],"inLanguage":"fr-FR"}]}},"_links":{"self":[{"href":"https:\/\/pneusbazar.com\/index.php?rest_route=\/wp\/v2\/product\/213555"}],"collection":[{"href":"https:\/\/pneusbazar.com\/index.php?rest_route=\/wp\/v2\/product"}],"about":[{"href":"https:\/\/pneusbazar.com\/index.php?rest_route=\/wp\/v2\/types\/product"}],"replies":[{"embeddable":true,"href":"https:\/\/pneusbazar.com\/index.php?rest_route=%2Fwp%2Fv2%2Fcomments&post=213555"}],"wp:featuredmedia":[{"embeddable":true,"href":"https:\/\/pneusbazar.com\/index.php?rest_route=\/wp\/v2\/media\/213557"}],"wp:attachment":[{"href":"https:\/\/pneusbazar.com\/index.php?rest_route=%2Fwp%2Fv2%2Fmedia&parent=213555"}],"wp:term":[{"taxonomy":"product_cat","embeddable":true,"href":"https:\/\/pneusbazar.com\/index.php?rest_route=%2Fwp%2Fv2%2Fproduct_cat&post=213555"},{"taxonomy":"product_tag","embeddable":true,"href":"https:\/\/pneusbazar.com\/index.php?rest_route=%2Fwp%2Fv2%2Fproduct_tag&post=213555"}],"curies":[{"name":"wp","href":"https:\/\/api.w.org\/{rel}","templated":true}]}}